00100111101110
-21405152 (base 6) to base 11
-3a6a1a
Convert -11110100011011100 (base 2) to base 16.
-1e8dc
What is -1dcad (base 16) in base 4?
-131302231
-1112001102210 (base 3) to base 15
-10e650
Convert -4674470 (base 8) to base 13.
-358b76
Convert 5349584 (base 10) to base 13.
1153c46
-331122 (base 8) to base 11
-76599
What is -2341004 (base 6) in base 16?
-1dcbc
Convert 50010300 (base 7) to base 16.
3edec7
What is -277221 (base 9) in base 16?
-2955d
What is -73657 (base 13) in base 16?
-32af4
What is 3036210 (base 7) in base 5?
43043223
Convert 276a9a0 (base 11) to base 5.
2210212314
281a073 (base 11) to base 6
252053545
-4324869 (base 10) to base 11
-249437a
930183 (base 16) to base 12
3287403
Convert 11453153 (base 7) to base 13.
299c81
Convert 1010110010000001001010 (base 2) to base 9.
5276868
What is -8d71 (base 14) in base 9?
-36662
Convert -445976 (base 10) to base 14.
-b8756
Convert -1e1b32 (base 15) to base 14.
-2a5274
Convert 166433 (base 11) to base 7.
2121306
Convert 662192a (base 12) to base 2.
1001010001101010111110010
-2678537 (base 12) to base 7
-121544305
What is -2021121200112 (base 3) in base 6?
-41554535
Convert -33fb40 (base 16) to base 14.
-6496c8
What is -11301030013 (base 4) in base 14?
-2b5143
Convert 332504 (base 10) to base 14.
89264
Convert 1400404 (base 6) to base 9.
127774
What is -214002 (base 12) in base 6?
-15132002
Convert -545098 (base 12) to base 3.
-2111212110022
2002121102 (base 4) to base 14
dc8dc
Convert -139025 (base 12) to base 15.
-66b9b
-424241040 (base 6) to base 15
-9cd0c6
What is 6c9ece (base 15) in base 2?
10011110100111010011101
36581 (base 9) to base 12
12247
Convert -1401412 (base 6) to base 12.
-39268
-13617b (base 13) to base 9
-786268
Convert 2023f7 (base 16) to base 13.
589988
What is 12673277 (base 10) in base 4?
300112003331
What is 23a40 (base 14) in base 9?
142405
What is -317977 (base 11) in base 12?
-206190
Convert 109b20 (base 13) to base 6.
12231115
Convert -126998 (base 10) to base 15.
-27968
-752017 (base 8) to base 15
-4e515
What is 1b372b1 (base 12) in base 16?
5877e5
Convert -c0a62 (base 14) to base 6.
-13531410
Convert 102122111020 (base 3) to base 5.
24314023
Convert -24446314 (base 7) to base 13.
-5bbb53
513728 (base 9) to base 5
34221321
What is 57632b (base 13) in base 2?
111111001011001100110
Convert -1211222010201 (base 3) to base 7.
-11234260
What is 6a1a (base 13) in base 10?
14895
What is 100011201 (base 3) in base 9?
10151
6676c6 (base 15) to base 16
4a8aa9
What is -203743b (base 13) in base 8?
-45155416
1011101110000111001001 (base 2) to base 11
1809423
1120212022120 (base 3) to base 7
10112502
-33a80 (base 15) to base 6
-3304550
a91b5 (base 15) to base 4
2003012330
What is -14730c3 (base 13) in base 9?
-13234823
-5573848 (base 10) to base 13
-1202047
Convert 2033310321 (base 4) to base 6.
20343213
Convert 1e404 (base 16) to base 12.
5b858
-1213444221 (base 6) to base 8
-65000665
What is 116a674 (base 11) in base 6?
111335155
What is -933d3 (base 14) in base 5?
-42322444
Convert 11010130200 (base 4) to base 15.
1b3b53
1811c3 (base 14) to base 8
3170607
211210111120 (base 3) to base 15
8ce36
What is -5340764 (base 8) in base 16?
-15c1f4
100000000111110101111 (base 2) to base 6
34321035
What is -92a97 (base 14) in base 15?
-6ea50
Convert -12020211102 (base 3) to base 7.
-610304
-1367758 (base 9) to base 6
-24053125
-540241 (base 6) to base 14
-12145
What is -100134202 (base 6) in base 10?
-1692218
Convert 2033614 (base 7) to base 11.
157219
Convert -172674 (base 9) to base 11.
-73421
What is -12011101020110 (base 3) in base 8?
-12356151
What is 20531445 (base 6) in base 3?
1010122012102
What is 255283 (base 9) in base 12?
756a9
Convert 110010000101001100010 (base 2) to base 7.
16643266
-23500 (base 8) to base 11
-7605
-32302010300 (base 4) to base 11
-2207487
What is 12377 (base 10) in base 4?
3001121
Convert 143221022 (base 5) to base 6.
24123325
What is -3a2726 (base 14) in base 10?
-2004526
What is 2403013 (base 8) in base 11?
4095a9
Convert 4203030140 (base 5) to base 6.
505123441
Convert -10110310 (base 4) to base 11.
-12346
14a7744 (base 11) to base 3
11211200122121
What is 1616512 (base 7) in base 8?
663744
11010101110111111111 (base 2) to base 5
211013111
-3114145 (base 6) to base 11
-a2746
Convert -110333233211 (base 4) to base 8.
-24775745
12203033300 (base 4) to base 3
10020020121012
-10101210000 (base 3) to base 8
-202532
Convert 526052 (base 7) to base 14.
251d2
Convert -110011011001111101110 (base 2) to base 8.
-6331756
111001021020 (base 3) to base 11
165a38
What is 21616641 (base 7) in base 4?
13020220113
13774577 (base 8) to base 13
8610c0
4243340 (base 9) to base 15
2ed54c
What is -14513230 (base 8) in base 7?
-40115515
-10200022100 (base 5) to base 3
-201211220200111
Convert 433023 (base 7) to base 6.
1341233
Convert 1100100111111110111001 (base 2) to base 10.
3309497
30300222 (base 4) to base 13
1aa36
What is -1011101001000101 (base 2) in base 14?
-13541
178204 (base 10) to base 15
37c04
What is -6c38f (base 16) in base 9?
-745052
-3004310142 (base 5) to base 14
-b05aca
Convert -3445661 (base 7) to base 5.
-102304311
Convert 1c655 (base 16) to base 6.
2254245
Convert 32252252 (base 7) to base 10.
2752367
Convert 101212210200001 (base 3) to base 7.
100103545
What is 11c812d (base 15) in base 4?
300301102000
What is 47571 (base 9) in base 6?
403144
134211505 (base 6) to base 15
38bd82
-21444430 (base 5) to base 9
-315162
What is 31699a (base 11) in base 15?
a0338
Convert 1025534 (base 7) to base 12.
60018
57a66 (base 13) to base 2
100111000011010110
21513150 (base 9) to base 2
100111101011011011011010
Convert 10c6d66 (base 15) to base 7.
204115542
What is -71390 (base 11) in base 5?
-11314110
What is -43404244 (base 5) in base 7?
-3110600
What is 11115505 (base 8) in base 10?
2399045
What is 26321a3 (base 11) in base 13?
c36b07
What is -120dee (base 15) in base 16?
-d2e1e
415341301 (base 6) to base 9
14585501
Convert -101102100221 (base 3) to base 14.
-54a73
What is -48ea9 (base 16) in base 4?
-1020322221
Convert 2233144 (base 5) to base 4.
21231313
Convert -249b1 (base 12) to base 14.
-14221
What is -65188 (base 9) in base 10?
-43172
Convert -357712 (base 9) to base 2.
-110100101001010001
What is 20524342 (base 6) in base 16?
930e6
Convert -577a7 (base 14) to base 3.
-101210220202
Convert 13412614 (base 7) to base 2.
100110000011110000110
What is -1525314 (base 6) in base 5?
-10324301
What is 13ad1 (base 14) in base 4?
23322113
Convert -1102300010 (base 4) to base 9.
-565848
Convert 33772 (base 12) to base 13.
25232
Convert 112221002122 (base 3) to base 8.
1075742
What is 9c21b1 (base 14) in base 6?
305430331
-12514555 (base 7) to base 2
-100011000000000110110
Convert 2221210221 (base 3) to base 15.
1238d
44b972 (base 12) to base 15
16a7e2
What is -6c8898 (base 14) in base 3?
-20222120100022
What is -3716635 (base 12) in base 11?
-606aa49
What is -1101010001110011101 (base 2) in base 10?
-435101
17008707 (base 9) to base 6
502215354
Convert -272b7 (base 15) to base 13.
-45178
What is -10000001101000111 (base 2) in base 6?
-1231143
3740363 (base 8) to base 4
3330003303
276b7 (base 14) to base 13
35427
Convert -346770 (base 8) to base 7.
-1001536
Convert -dce19 (base 15) to base 2.
-10101011010101100111
Convert 121102131031 (base 4) to base 7.
110230051
Convert -4b8a (base 15) to base 16.
-3ee9
What is 23a983 (base 11) in base 14?
9c959
Convert 16124b (base 12) to base 5.
44002243
-43a28b (base 12) to base 11
-674905
What is -2045686 (base 12) in base 14?
-b3c15c
Convert -1025414132 (base 6) to base 12.
-379a348
What is 29427 (base 11) in base 7?
232535
What is -1706137 (base 11) in base 14?
-5595d7
201110102 (base 3) to base 9
21412
What is -84ec65 (base 15) in base 13?
-1407113
-2958251 (base 10) to base 4
-23102032223
-753573 (base 8) to base 14
-67a79
Convert 414210421 (base 6) to base 16.
6de4ed
What is -69a6 (base 15) in base 10?
-22431
Convert 484228 (base 11) to base 3.
1102222000202
-131103402 (base 5) to base 15
-cad37
671a48 (base 12) to base 15
2264e8
What is -2a328 (base 16) in base 8?
-521450
39b58 (base 13) to base 5
11414023
Convert -2530202 (base 8) to base 6.
-23003134
-14119 (base 13) to base 2
-1001001010100100
What is 13